86. Let v = b - -103. Is v a composite number?
False
Let g(j) = 9*j**2 + 8*j + 15. Let s be g(-3). Let q = -50 + s. Is (3148/(-6))/(q/(-33)) prime?
True
Let h(k) = 4489*k**2 - k - 1. Let d be h(-1). Let i = 13658 - d. Is i prime?
False
Let l(f) be the second derivative of 137*f**7/1260 - f**6/144 - 3*f**5/40 - 8*f**4/3 - 42*f. Let g(j) be the third derivative of l(j). Is g(-2) composite?
False
Is 48/256 - 2680743/(-48) a composite number?
False
Let b be ((-9)/(-15) + (-16)/10)*12. Let c be (-14)/84 - 2/b. Suppose c*u - 1758 = -6*u. Is u prime?
True
Let s(q) = -445*q**3 + 79*q + 35. Is s(-11) a prime number?
False
Suppose 4*p - 12 = 0, 8*p - 30241 = -4*o + 9*p. Is o prime?
True
Let y(w) = 2*w - 24. Let d be y(-3). Let k be 5*(30/(-35))/(d/28). Is 15/(-3)*k/(-10) + 209 a composite number?
False
Is (-2 - 5/(-2))*(207754 - -7 - 7) prime?
False
Let v = -204 - -186. Let q(m) = -1816*m + 25. Is q(v) composite?
False
Suppose 28 = -2*r - 0*l + 4*l, -3*r - 45 = -3*l. Let j(z) be the second derivative of -19*z**3 + 23*z**2/2 + 85*z. Is j(r) a composite number?
False
Suppose s = -5*s + 12. Let m be (s/3 + -1)*-48. Suppose -1043 = -m*i + 15*i. Is i a composite number?
True
Let q = -25 - 19. Let b = q + 54. Is ((-716)/b)/(3/(-15)) a prime number?
False
Suppose 23844 = 11*s - 32553. Is s prime?
False
Suppose 7*g - 31713 + 2054 = 0. Suppose -31*m + 15665 + 38089 = 0. Suppose -7*w + m = -g. Is w a composite number?
False
Let y(v) = v**3 + 4*v**2 + v + 6. Let c be y(-4). Suppose -2*j = -5*h + 66321, 0 = 3*h - 3*j + c*j - 39792. Is h a composite number?
True
Suppose 3*m - 5*q - 82175 - 278051 = 0, 4*q = -2*m + 240114. Is m a prime number?
True
Suppose -4*o + 520352 = 2*b, o - 3*b - 156758 + 26691 = 0. Is o a prime number?
False
Let q(p) = -4112*p**3 - 4*p**2 - 25*p - 186. Is q(-7) a composite number?
True
Let w(y) = 56*y**2 - y + 8. Suppose -l + g + 16 - 13 = 0, -5*l + 39 = 3*g. Is w(l) composite?
True
Suppose -86992*s = -87010*s + 7813854. Is s a prime number?
False
Let v be (-15)/(-6)*96/30. Is 1/((0 + v)/39896) prime?
True
Suppose 16*o + 15456648 - 2198520 = 64*o. Is o a prime number?
False
Let o(k) = 1988*k**2 + 65*k - 314. Is o(5) a composite number?
False
Let q(u) = 939*u - 2. Let m(y) = -938*y + 2. Let t(n) = 3*m(n) + 4*q(n). Let x be 20/((-20)/(-4)) - 2. Is t(x) prime?
False
Is (-5845265)/(-17) - 490/4165 prime?
False
Let f be (0 + 3)/(-3 + 4). Let t(h) = 288*h - 7. Let s(g) = 291*g - 2. Let o(n) = 4*s(n) - 3*t(n). Is o(f) composite?
True
Let w be 10*(-16)/280 + (-52314)/7. Let z = 10787 + w. Is z prime?
True
Let j(w) = 277*w + 19. Suppose -22*c + 6*c = -160. Is j(c) composite?
False
Let b(t) = -3*t**3 + 3*t**2 + 5*t + 3. Let q be b(-1). Is 183784/6 - q/(-12) a composite number?
False
Suppose -3*h - 3*m = -15, 2 = -2*h + m + m. Suppose h*x = -d + 442 + 15, 0 = -2*x + 6. Is d a prime number?
False
Let h be (-3)/(3 + 48/(-14)). Suppose -h*q = -4*q - 4209. Is q a composite number?
True
Let w = -181598 + 538333. Is w a prime number?
False
Let o = 29 - 28. Let l(j) = 1256*j**3 - j**2 + 3*j - 1. Is l(o) a prime number?
False
Let x = 188447 + -76416. Is x composite?
False
Let o = 598 - 71. Suppose -46*r - 4692 = -29*r. Let y = r + o. Is y composite?
False
Let v(w) = 28*w**2 + 5*w - 28. Let b(m) = 0*m - 21 + 22 + m. Let a(d) = 3*b(d) + v(d). Is a(9) a composite number?
True
Suppose 248 + 19 = -3*p. Let u = 8063 - p. Suppose 5*h + 3*h = u. Is h a prime number?
True
Let d(n) be the second derivative of 189*n**4/4 + 23*n**3/6 - n**2/2 - 87*n. Is d(3) composite?
False
Let z = 234 + -93. Let y = z + 578. Is y a composite number?
False
Let v = 387 - 377. Is v/5 - (-8474 - -3) a composite number?
True
Suppose -93*k + 23408724 = 852660 - 5364117. Is k prime?
False
Suppose -10*a = -7*a - 12, -x = -3*a + 18. Let i(k) be the third derivative of 13*k**5/20 + k**4/3 + 5*k**3/6 + 11*k**2. Is i(x) composite?
False
Let g(j) = -j**2 + 5*j + 16411. Is g(0) prime?
True
Let f = 371792 - 242639. Is f a composite number?
True
Let b(j) = 25*j**3 - 15*j**2 + 39*j + 78. Is b(11) composite?
True
Is (-3)/6*-226445*((3 - 1) + 0) prime?
False
Suppose -12*k + 1178620 + 2060648 = 0. Is k composite?
False
Suppose 4*q = 2*t - 147390, -4*t - 73715 = -5*t - 3*q. Is t composite?
True
Suppose 4217 = 8*r - 3679. Suppose 94*w = 91*w + r. Is w composite?
True
Let p(q) = -6*q**3 - 8*q - 1. Let x be p(-6). Let j(v) = 8*v - 130. Let i be j(17). Suppose i*h = -x + 3497. Is h prime?
True
Let s(p) = p**3 + 14*p**2 - 21*p - 14. Let m be s(-16). Let u = 293 + m. Is u a prime number?
True
Let p = -347 + 179. Let s be 4/10 - (-17)/((-510)/p). Is (7/3)/(s/6246) composite?
True
Let d(k) = -877*k**3 + 17*k**2 + 16*k + 47. Is d(-5) composite?
False
Suppose -98449 = -4*a - j, -47579 = -2*a - 5*j + 1668. Is a a composite number?
False
Let y = -224567 + 462438. Is y prime?
False
Let l(i) = i**3 - 54*i**2 - 94*i + 1508. Is l(59) a composite number?
False
Suppose 28 = -3*k + 82. Suppose 1401 = 19*u - k*u. Suppose 7*t - 2666 = u. Is t a composite number?
True
Suppose -12*i + 10*i + 4*n + 108450 = 0, 0 = -i + 5*n + 54210. Is i a prime number?
False
Suppose -5*v - 60*q = -56*q - 1443259, -3*v = 17*q - 866043. Is v a prime number?
True
Let l(p) = -p**3 + 72*p**2 - 4*p + 2866. Is l(-59) composite?
False
Let z(q) = 2006*q + 1345. Is z(12) composite?
True
Let m = 280752 + 144589. Is m prime?
False
Let j be -5*(0 + (-29)/5 - -7). Let s(w) be the third derivative of -115*w**4/12 + w**3/6 + 2*w**2. Is s(j) prime?
True
Suppose -8*v + 16*v + 4348326 = 14*v. Is v a composite number?
False
Suppose 2*c = 3*c + 24. Let l(h) = -h**3 - 8*h**2 + 15*h - 50. Let m be l(-10). Is 473 - m - c/(-6) prime?
False
Let j(w) = -2*w**3 + 10*w**2 - 7*w - 3. Let i be j(4). Suppose -2*p + 15 = 3*p. Is ((-1060)/(-12))/(i/p) a prime number?
False
Let m = -63 + 77. Suppose -2*t + 27598 = 4*x, x + m*t - 6898 = 15*t. Is x a prime number?
True
Suppose -4223292 = -13*z - z + 2*z. Is z prime?
False
Let c = -6649 - -3458. Let f be -6*831*(-12 + 11). Let w = c + f. Is w composite?
True
Let m(y) = -228671*y - 344. Is m(-3) composite?
False
Let k(n) = -2*n**2 + 19*n + 19. Let d be k(10). Let i(v) = 3*v**2 - 18*v - 23. Is i(d) composite?
True
Let a = -58 + 40. Let n be (-1)/3*8*a/24. Suppose -n*r = r - 2157. Is r prime?
True
Suppose -2*u - b = -2 + 1, -4*u + 5*b = 19. Is u/(5*(-1)/325) a prime number?
False
Let v be (-525)/(-10)*60/(-35). Is 15/(v/(-44956))*(-3)/(-2) composite?
False
Suppose 5*t = 3*t. Suppose t*h = -3*h. Suppose v + 4*d - 307 = -h*v, v - 299 = -2*d. Is v composite?
True
Let s be 3 - 0 - (1 + -3). Suppose 5*g + 1828 = 5*j - 6062, s*j = 4*g + 7894. Suppose -20*a + j = -6*a. Is a a prime number?
True
Let f(o) = -o**2 + 9*o - 15. Let v be f(6). Suppose -v = j - 4*j, 4*j + 797 = g. Is g + (48/(-40))/((-3)/(-10)) a prime number?
True
Let w = -12470 + 33048. Is w prime?
False
Let m be 716/1 + -1 + (4 - 7). Let a = m - 65. Is a prime?
True
Suppose -2*t = -5*l - 7407, 12*t - 15*t + 11099 = 4*l. Let a = t - 2488. Is a a prime number?
True
Let d = 1186 + -1157. Let n(o) = -196*o + 6. Let c be n(4). Let h = d - c. Is h a prime number?
False
Suppose -13*t - 61860 = -19*t. Suppose 370*l - t = 368*l. Is l composite?
True
Suppose 5*z - 589763 + 74934 = -2*c, -2*z - 514836 = -2*c. Is c composite?
True
Suppose 11*q - 9*q + 2996 = 0. Is q/8*68/(-17) prime?
False
Let h = 11939 - -2810. Let z = 25310 - h. Is z a prime number?
False
Suppose -m + 7676 = y, -y = 6*m - 4*m - 15353. Suppose -3*d = 6*d - m. Is d composite?
False
Suppose -17*b = -34522 - 23312. Let n = b + -1891. Is n a prime number?
True
Suppose -4*v - 1372598 = -47*j + 45*j, 5*v - 6862915 = -10*j. Is j composite?
False
Let r = 2722 + 1054. Is 0 + -6 + -15 + r prime?
False
Suppose 4*i - 266 = -5*x, 5*i - 6*i = 3*x - 63. Let l = i - 67. Is (-2396)/(-6) + l + 8/(-24) a composite number?
False
Suppose 3*h - h + f + 12 = 0, 0 = -h - f - 8. Let x be (-1)/h + ((-329)/(-28) - 8). Suppose 3*c - 259 = 2*c - x*u, c - u = 274. Is c a prime number?
True
Suppose 24399 = -6*x + 164283. Is x a composite number?
True
Let o(f) = 4*f**3 + 2*f**2 - f. Let y be o(1). Suppose 0 = 2*n - 5*x - 8828, x - 22055 = -y*n + 6*x. Is n a composite number?
False
Suppose 4*o - 44 = -3*w, -2*w - 24 = -3*o - o. Suppose -2*c + 22 = o. Sup